{"id":1238,"date":"2015-06-09T05:09:20","date_gmt":"2015-06-09T05:09:20","guid":{"rendered":"http:\/\/www.redpro.net\/web2\/?page_id=1238"},"modified":"2015-06-17T22:01:44","modified_gmt":"2015-06-17T22:01:44","slug":"proteccion-electronica-de-activos","status":"publish","type":"page","link":"http:\/\/www.redpro.net\/web2\/proteccion-electronica-de-activos\/","title":{"rendered":"Protecci\u00f3n Electr\u00f3nica de Activos"},"content":{"rendered":"<p>Redpro ofrece sistemas de protecci\u00f3n contra robo para comercios, los cuales utilizan antenas y dispositivos para detectar el paso no autorizado de mercancias y asi evitar perdidas por hurto.<\/p>\n\r\n\t\t\t<div class='et-tabs-container et_sliderfx_fade et_sliderauto_false et_sliderauto_speed_5000 et_slidertype_top_tabs'>\r\n\t\t\t\t<ul class='et-tabs-control'>\r\n\t\t\t<li><a href='#'>\r\n\t\t\tDescripci\u00f3n\r\n\t\t<\/a><\/li> \r\n\t\t<li><a href='#'>\r\n\t\t\tAccesorios\r\n\t\t<\/a><\/li> \r\n\t\t<li><a href='#'>\r\n\t\t\tBrochur\r\n\t\t<\/a><\/li>\r\n\t\t<\/ul> <!-- .et-tabs-control -->\n\r\n\t\t<div class='et-tabs-content'>\r\n\t\t\t<div class='et-tabs-content-main-wrap'>\r\n\t\t\t\t<div class='et-tabs-content-wrapper'>\r\n\t\t\t\t\t<div class='et_slidecontent'>\r\n\t\t\t<div class='one_half'>\r\n\t\t\t\t\t<p>El sistema de protecci\u00f3n de activos se basa en la detecci\u00f3n de dispositivos &#8220;tags&#8221; ocultos en la mercanc\u00eda de alg\u00fan establecimiento. Cuando los Tags pasan a trav\u00e9s del &#8220;lector&#8221;, activan una alerta audiovisual para indicar que alg\u00fan art\u00edculo ha sido sustra\u00eddo del lugar, sin haber pasado por el \u00e1rea de cajas para ser removido o desactivado.<\/p>\n<p>Generalmente estos sistemas protegen activos en tiendas de conveniencia, ropa, zapatos, boutiques y comercio en general.<\/p>\r\n\t\t\t\t<\/div>\n<div class='one_half last'>\r\n\t\t\t\t\t<p><img loading=\"lazy\" decoding=\"async\" class=\"aligncenter size-full wp-image-1292\" src=\"http:\/\/www.redpro.net\/web2\/wp-content\/uploads\/2015\/06\/AES-page-1.png\" alt=\"AES page 1\" width=\"450\" height=\"320\" srcset=\"http:\/\/www.redpro.net\/web2\/wp-content\/uploads\/2015\/06\/AES-page-1.png 450w, http:\/\/www.redpro.net\/web2\/wp-content\/uploads\/2015\/06\/AES-page-1-300x213.png 300w, http:\/\/www.redpro.net\/web2\/wp-content\/uploads\/2015\/06\/AES-page-1-220x156.png 220w, http:\/\/www.redpro.net\/web2\/wp-content\/uploads\/2015\/06\/AES-page-1-187x133.png 187w\" sizes=\"auto, (max-width: 450px) 100vw, 450px\" \/><\/p>\r\n\t\t\t\t<\/div><div class='clear'><\/div>\r\n\t\t<\/div>\n\r\n\t\t<div class='et_slidecontent'>\r\n\t\t\t<div class='one_half'>\r\n\t\t\t\t\tUn sistema de protecci\u00f3n contra robo se compone de diversos complementos para ofrecer una soluci\u00f3n completa como lo son:<\/p>\n\r\n\t\t<div class='et-custom-list etlist-check'>\r\n\t\t\t<ul>\n<li>Lector (antenas)<\/li>\n<li>Tag: r\u00edgido o etiquetas<\/li>\n<li>Removedor de tags r\u00edgidos<\/li>\n<li>Desactivador de etiquetas<\/li>\n<\/ul>\r\n\t\t<\/div> <!-- .et-custom-list -->\n<p>Redpro le ofrece servicios de asesor\u00eda para dise\u00f1ar el sistema que se ajuste mejor a sus necesidades, y soporte t\u00e9nico profesional para la instalaci\u00f3n y mantenimiento de los equipos.<\/p>\r\n\t\t\t\t<\/div>\n<div class='one_half last'>\r\n\t\t\t\t\t<p><img loading=\"lazy\" decoding=\"async\" class=\"aligncenter size-full wp-image-1300\" src=\"http:\/\/www.redpro.net\/web2\/wp-content\/uploads\/2015\/06\/AES-page-2.png\" alt=\"AES page 2\" width=\"450\" height=\"320\" srcset=\"http:\/\/www.redpro.net\/web2\/wp-content\/uploads\/2015\/06\/AES-page-2.png 450w, http:\/\/www.redpro.net\/web2\/wp-content\/uploads\/2015\/06\/AES-page-2-300x213.png 300w, http:\/\/www.redpro.net\/web2\/wp-content\/uploads\/2015\/06\/AES-page-2-220x156.png 220w, http:\/\/www.redpro.net\/web2\/wp-content\/uploads\/2015\/06\/AES-page-2-187x133.png 187w\" sizes=\"auto, (max-width: 450px) 100vw, 450px\" \/><\/p>\r\n\t\t\t\t<\/div><div class='clear'><\/div>\r\n\t\t<\/div>\n\r\n\t\t<div class='et_slidecontent'>\r\n\t\t\t<p>Para descargar informaci\u00f3n del producto haga click en el siguiente bot\u00f3n:<\/p>\n<a href='http:\/\/www.redpro.net\/descargas\/Sistemas_Contrarrobo_Redpro_brochur.pdf' class='icon-button download-icon'>Sistemas contrarrobo<span class='et-icon'><\/span><\/a>\n<p>Si desea m\u00e1s informaci\u00f3n o necesita cotizar el producto, puede contactarnos haciendo click <a title=\"Contacto\" href=\"http:\/\/www.redpro.net\/web2\/contacto\/\">aqu\u00ed<\/a><\/p>\n<p>&nbsp;<\/p>\r\n\t\t<\/div>\r\n\t\t\t\t<\/div>\r\n\t\t\t<\/div>\r\n\t\t<\/div>\r\n\t\t\t<\/div> <!-- .et-tabs-container -->\n<p>&nbsp;<\/p>\n","protected":false},"excerpt":{"rendered":"<p>Redpro ofrece sistemas de protecci\u00f3n contra robo para comercios, los cuales utilizan antenas y dispositivos para detectar el paso no autorizado de mercancias y asi evitar perdidas por hurto. &nbsp;<\/p>\n","protected":false},"author":2,"featured_media":1241,"parent":0,"menu_order":5,"comment_status":"open","ping_status":"open","template":"page-full.php","meta":{"footnotes":""},"class_list":["post-1238","page","type-page","status-publish","has-post-thumbnail","hentry"],"_links":{"self":[{"href":"http:\/\/www.redpro.net\/web2\/wp-json\/wp\/v2\/pages\/1238","targetHints":{"allow":["GET"]}}],"collection":[{"href":"http:\/\/www.redpro.net\/web2\/wp-json\/wp\/v2\/pages"}],"about":[{"href":"http:\/\/www.redpro.net\/web2\/wp-json\/wp\/v2\/types\/page"}],"author":[{"embeddable":true,"href":"http:\/\/www.redpro.net\/web2\/wp-json\/wp\/v2\/users\/2"}],"replies":[{"embeddable":true,"href":"http:\/\/www.redpro.net\/web2\/wp-json\/wp\/v2\/comments?post=1238"}],"version-history":[{"count":21,"href":"http:\/\/www.redpro.net\/web2\/wp-json\/wp\/v2\/pages\/1238\/revisions"}],"predecessor-version":[{"id":1444,"href":"http:\/\/www.redpro.net\/web2\/wp-json\/wp\/v2\/pages\/1238\/revisions\/1444"}],"wp:featuredmedia":[{"embeddable":true,"href":"http:\/\/www.redpro.net\/web2\/wp-json\/wp\/v2\/media\/1241"}],"wp:attachment":[{"href":"http:\/\/www.redpro.net\/web2\/wp-json\/wp\/v2\/media?parent=1238"}],"curies":[{"name":"wp","href":"https:\/\/api.w.org\/{rel}","templated":true}]}}