{"id":235,"date":"2010-09-15T08:21:10","date_gmt":"2010-09-15T08:21:10","guid":{"rendered":"http:\/\/elegantthemes.com\/preview\/DeepFocus\/?page_id=235"},"modified":"2015-06-17T18:55:41","modified_gmt":"2015-06-17T18:55:41","slug":"control-de-tiempo-y-asistencia-anviz-ep300","status":"publish","type":"page","link":"http:\/\/www.redpro.net\/web2\/control-de-tiempo-y-asistencia-anviz-ep300\/","title":{"rendered":"Control de tiempo y asistencia"},"content":{"rendered":"<p>Ofrecemos soluciones para control de personal con equipos y tecnolog\u00eda reconocidos a nivel mundial. La identificaci\u00f3n se hace mediante la huella dactilar. Los equipos tienen capacidades avanzadas para generar reportes, conectarse a un computador y permitir acceso remoto por red.<br \/>\n<!--more--><\/p>\n<p style=\"text-align: left;\"><div class='two_third'>\r\n\t\t\t\t\t<strong>Soluci\u00f3n para controlar entradas y salidas\u00a0por huella dactilar<\/strong> \r\n\t\t\t<div class='et-tabs-container et_sliderfx_fade et_sliderauto_false et_sliderauto_speed_5000 et_slidertype_top_tabs'>\r\n\t\t\t\t<ul class='et-tabs-control'>\r\n\t\t\t<li><a href='#'>\r\n\t\t\tDescripci\u00f3n\r\n\t\t<\/a><\/li> \r\n\t\t<li><a href='#'>\r\n\t\t\tCaracter\u00edsticas\r\n\t\t<\/a><\/li> \r\n\t\t<li><a href='#'>\r\n\t\t\tEspecificaciones\r\n\t\t<\/a><\/li> \r\n\t\t<li><a href='#'>\r\n\t\t\tBrochur\r\n\t\t<\/a><\/li>\r\n\t\t<\/ul> <!-- .et-tabs-control --> \r\n\t\t<div class='et-tabs-content'>\r\n\t\t\t<div class='et-tabs-content-main-wrap'>\r\n\t\t\t\t<div class='et-tabs-content-wrapper'>\r\n\t\t\t\t\t<div class='et_slidecontent'>\r\n\t\t\tEl dispositivo EP300 ofrece la perfecta soluci\u00f3n para control de tiempo y asistencia.<\/p>\n<p>Anviz, el l\u00edder en la industria ha combinado un sensor de huella dactilar a prueba de rayaduras, resistente al polvo y al agua, con el avanzado algoritmo BioNANO para reconocimiento de huellas.<\/p>\n<p>Con una bater\u00eda recargable inclu\u00edda, el EP300 es ideal para todo tipo de aplicaciones que requieran un equipo que se mantenga funcionando, a\u00fan con interrupciones de energ\u00eda. Para obtener los registros de entradas y salidas de los empleados, puede utilizar el puerto USB o acceder al equipo mediante la red TCP\/IP.<\/p>\n<p>Su dise\u00f1o avanzado ofrece una soluci\u00f3n amigable para usuarios y administradores. Anviz es un fabricante global con base\u00a0en EEUU, l\u00edder en la industria de seguridad, biom\u00e9tricos, RFID y vigilancia. M\u00e1s informaci\u00f3n en http:\/\/www.anviz.com\r\n\t\t<\/div> \r\n\t\t<div class='et_slidecontent'>\r\n\t\t\t&#8211; Dise\u00f1o especial para montaje en pared<\/p>\n<p>&#8211; No requiere equipos adicionales<\/p>\n<p>&#8211; Sensor \u00f3ptico de huella digital AFOS300<\/p>\n<p>&#8211; Pantalla LCD azul- Certificado por la FCC y CE<\/p>\n<p>&#8211; Control de asistencia mediante huella dactilar<\/p>\n<p>&#8211; Identificaci\u00f3n por Huella, ID \u00f3 Contrase\u00f1a<\/p>\n<p>&#8211; Mensajes de voz claros, para todas las operaciones<\/p>\n<p>&#8211; Conexi\u00f3n USB a PC para obtener reportes<\/p>\n<p>&#8211; Conexi\u00f3n de red TCP\/IP para acceso remoto\r\n\t\t<\/div> \r\n\t\t<div class='et_slidecontent'>\r\n\t\t\t&#8211; Escaneo r\u00e1pido de huella digital &gt; 0.5 segundos<\/p>\n<p>&#8211; Dise\u00f1o de nueva generaci\u00f3n completamente sellado<\/p>\n<p>&#8211; Resistente a salpicaduras y polvo<\/p>\n<p>&#8211; Incluye una bater\u00eda recargable de litio 1100mAH con duraci\u00f3n de hasta 6 horas<\/p>\n<p>&#8211; Soporta 2,000 huellas y almacena 50,000 registros<\/p>\n<p>&#8211; Procesador (CPU) Texas Instruments 32-bit de alta velocidad y bajo consumo de energ\u00eda.<\/p>\n<p>&#8211; \u00datil para organizaciones de hasta 1,000 empleados\r\n\t\t<\/div> \r\n\t\t<div class='et_slidecontent'>\r\n\t\t\t<p>Para descargar informaci\u00f3n del producto haga click en el siguiente bot\u00f3n:<\/p>\n<a href='http:\/\/www.redpro.net\/descargas\/EP300B_Brochur_Redpro_web.pdf' class='icon-button download-icon'>Control de tiempo y asistencia EP300B<span class='et-icon'><\/span><\/a>\n<p>Si desea m\u00e1s informaci\u00f3n o necesita cotizar el producto, puede contactarnos haciendo click <a title=\"Contacto\" href=\"http:\/\/www.redpro.net\/web2\/contacto\/\">aqu\u00ed<\/a><\/p>\r\n\t\t<\/div>\r\n\t\t\t\t<\/div>\r\n\t\t\t<\/div>\r\n\t\t<\/div>\r\n\t\t\t<\/div> <!-- .et-tabs-container --><\/p>\r\n\t\t\t\t<\/div><\/p>\n<div class='one_third last'>\r\n\t\t\t\t\t<strong>Anviz EP300<\/strong><\/p>\n<p><img loading=\"lazy\" decoding=\"async\" class=\"aligncenter size-full wp-image-997\" src=\"http:\/\/www.redpro.net\/web2\/wp-content\/uploads\/2010\/09\/EP300_2.png\" alt=\"EP300_2\" width=\"400\" height=\"400\" srcset=\"http:\/\/www.redpro.net\/web2\/wp-content\/uploads\/2010\/09\/EP300_2.png 400w, http:\/\/www.redpro.net\/web2\/wp-content\/uploads\/2010\/09\/EP300_2-150x150.png 150w, http:\/\/www.redpro.net\/web2\/wp-content\/uploads\/2010\/09\/EP300_2-300x300.png 300w, http:\/\/www.redpro.net\/web2\/wp-content\/uploads\/2010\/09\/EP300_2-220x220.png 220w, http:\/\/www.redpro.net\/web2\/wp-content\/uploads\/2010\/09\/EP300_2-75x75.png 75w, http:\/\/www.redpro.net\/web2\/wp-content\/uploads\/2010\/09\/EP300_2-187x187.png 187w, http:\/\/www.redpro.net\/web2\/wp-content\/uploads\/2010\/09\/EP300_2-184x184.png 184w\" sizes=\"auto, (max-width: 400px) 100vw, 400px\" \/><\/p>\n<p><img loading=\"lazy\" decoding=\"async\" class=\"aligncenter size-full wp-image-999\" src=\"http:\/\/www.redpro.net\/web2\/wp-content\/uploads\/2010\/09\/206471_EP3001_thumb_520_520.png\" alt=\"206471_EP3001_thumb_520_520\" width=\"400\" height=\"400\" srcset=\"http:\/\/www.redpro.net\/web2\/wp-content\/uploads\/2010\/09\/206471_EP3001_thumb_520_520.png 400w, http:\/\/www.redpro.net\/web2\/wp-content\/uploads\/2010\/09\/206471_EP3001_thumb_520_520-150x150.png 150w, http:\/\/www.redpro.net\/web2\/wp-content\/uploads\/2010\/09\/206471_EP3001_thumb_520_520-300x300.png 300w, http:\/\/www.redpro.net\/web2\/wp-content\/uploads\/2010\/09\/206471_EP3001_thumb_520_520-220x220.png 220w, http:\/\/www.redpro.net\/web2\/wp-content\/uploads\/2010\/09\/206471_EP3001_thumb_520_520-75x75.png 75w, http:\/\/www.redpro.net\/web2\/wp-content\/uploads\/2010\/09\/206471_EP3001_thumb_520_520-187x187.png 187w, http:\/\/www.redpro.net\/web2\/wp-content\/uploads\/2010\/09\/206471_EP3001_thumb_520_520-184x184.png 184w\" sizes=\"auto, (max-width: 400px) 100vw, 400px\" \/><\/p>\r\n\t\t\t\t<\/div><div class='clear'><\/div>\n<p>&nbsp;<\/p>\n","protected":false},"excerpt":{"rendered":"<p>Ofrecemos soluciones para control de personal con equipos y tecnolog\u00eda reconocidos a nivel mundial. La identificaci\u00f3n se hace mediante la huella dactilar. Los equipos tienen capacidades avanzadas para generar reportes, conectarse a un computador y permitir acceso remoto por red.<\/p>\n","protected":false},"author":2,"featured_media":902,"parent":0,"menu_order":1,"comment_status":"open","ping_status":"open","template":"page-full.php","meta":{"footnotes":""},"class_list":["post-235","page","type-page","status-publish","has-post-thumbnail","hentry"],"_links":{"self":[{"href":"http:\/\/www.redpro.net\/web2\/wp-json\/wp\/v2\/pages\/235","targetHints":{"allow":["GET"]}}],"collection":[{"href":"http:\/\/www.redpro.net\/web2\/wp-json\/wp\/v2\/pages"}],"about":[{"href":"http:\/\/www.redpro.net\/web2\/wp-json\/wp\/v2\/types\/page"}],"author":[{"embeddable":true,"href":"http:\/\/www.redpro.net\/web2\/wp-json\/wp\/v2\/users\/2"}],"replies":[{"embeddable":true,"href":"http:\/\/www.redpro.net\/web2\/wp-json\/wp\/v2\/comments?post=235"}],"version-history":[{"count":55,"href":"http:\/\/www.redpro.net\/web2\/wp-json\/wp\/v2\/pages\/235\/revisions"}],"predecessor-version":[{"id":1443,"href":"http:\/\/www.redpro.net\/web2\/wp-json\/wp\/v2\/pages\/235\/revisions\/1443"}],"wp:featuredmedia":[{"embeddable":true,"href":"http:\/\/www.redpro.net\/web2\/wp-json\/wp\/v2\/media\/902"}],"wp:attachment":[{"href":"http:\/\/www.redpro.net\/web2\/wp-json\/wp\/v2\/media?parent=235"}],"curies":[{"name":"wp","href":"https:\/\/api.w.org\/{rel}","templated":true}]}}